est common divisor of 2523 and 87.
87
Calculate the highest common factor of 1 and 7757.
1
What is the highest common divisor of 6330 and 150?
30
Calculate the greatest common divisor of 4 and 86.
2
What is the greatest common divisor of 57 and 209?
19
Calculate the greatest common factor of 75 and 4425.
75
Calculate the highest common divisor of 4750 and 4370.
190
What is the highest common factor of 2175 and 75?
75
Calculate the greatest common factor of 25 and 115.
5
What is the greatest common factor of 106 and 1325?
53
What is the greatest common divisor of 78 and 52?
26
What is the highest common divisor of 63 and 3717?
63
What is the highest common factor of 70 and 1015?
35
What is the highest common factor of 7 and 679?
7
Calculate the highest common divisor of 28 and 5236.
28
Calculate the highest common divisor of 69935 and 71.
71
What is the highest common divisor of 22 and 4?
2
What is the highest common divisor of 1105 and 2080?
65
Calculate the greatest common factor of 361 and 19.
19
Calculate the greatest common divisor of 2366 and 42.
14
What is the highest common divisor of 18 and 2178?
18
Calculate the highest common divisor of 3 and 3.
3
Calculate the greatest common factor of 34 and 1462.
34
Calculate the highest common divisor of 45 and 18.
9
What is the greatest common divisor of 145 and 261?
29
Calculate the greatest common divisor of 1408 and 88.
88
Calculate the greatest common divisor of 943 and 41.
41
Calculate the highest common factor of 3344 and 627.
209
Calculate the greatest common factor of 492 and 114.
6
Calculate the greatest common divisor of 102 and 8466.
102
What is the highest common divisor of 44428 and 116?
116
Calculate the highest common factor of 93 and 155.
31
What is the greatest common factor of 1242 and 486?
54
What is the highest common divisor of 808 and 1515?
101
Calculate the highest common factor of 4398 and 12.
6
What is the highest common factor of 45 and 4257?
9
Calculate the highest common divisor of 65 and 26.
13
Calculate the highest common divisor of 48 and 624.
48
Calculate the greatest common divisor of 15812 and 536.
268
Calculate the greatest common factor of 1876 and 28.
28
What is the highest common factor of 738 and 36?
18
Calculate the greatest common divisor of 44 and 1628.
44
What is the highest common divisor of 5586 and 570?
114
What is the greatest common factor of 150 and 2550?
150
What is the greatest common divisor of 1270 and 4318?
254
What is the greatest common divisor of 12 and 1244?
4
What is the highest common factor of 17641 and 598?
299
What is the greatest common divisor of 24 and 2136?
24
What is the highest common factor of 220 and 484?
44
What is the highest common factor of 795 and 1185?
15
What is the highest common divisor of 50 and 780?
10
What is the highest common factor of 143 and 6864?
143
Calculate the greatest common factor of 322 and 138.
46
Calculate the greatest common divisor of 6350 and 30.
10
What is the highest common factor of 5 and 265?
5
What is the greatest common divisor of 4059 and 82?
41
Calculate the highest common divisor of 63 and 12.
3
What is the highest common factor of 6213 and 981?
327
What is the highest common factor of 1672 and 1976?
152
Calculate the greatest common factor of 30 and 85.
5
Calculate the greatest common factor of 92 and 20.
4
What is the greatest common factor of 2444 and 104?
52
What is the highest common factor of 987 and 9?
3
What is the greatest common factor of 16 and 848?
16
Calculate the highest common divisor of 2850 and 825.
75
Calculate the greatest common divisor of 175 and 763.
7
What is the highest common divisor of 413 and 42539?
413
What is the highest common divisor of 244 and 3965?
61
What is the greatest common factor of 15 and 14250?
15
Calculate the greatest common factor of 627 and 1023.
33
What is the greatest common divisor of 975 and 273?
39
What is the highest common divisor of 1944 and 21?
3
Calculate the highest common divisor of 8 and 26468.
4
What is the greatest common divisor of 11 and 1859?
11
Calculate the greatest common divisor of 57 and 21584.
19
What is the greatest common divisor of 10 and 1390?
10
Calculate the highest common divisor of 42 and 1494.
6
What is the greatest common divisor of 171 and 38?
19
Calculate the highest common factor of 192 and 3024.
48
Calculate the highest common divisor of 33 and 121.
11
Calculate the greatest common divisor of 924 and 33.
33
What is the highest common factor of 48 and 24?
24
Calculate the greatest common divisor of 154 and 2464.
154
What is the greatest common factor of 1472 and 46?
46
What is the highest common divisor of 4 and 852?
4
Calculate the greatest common factor of 455 and 7.
7
Calculate the greatest common factor of 82 and 2009.
41
Calculate the highest common divisor of 3103 and 667.
29
What is the highest common factor of 649 and 59?
59
What is the highest common divisor of 4 and 388?
4
Calculate the highest common factor of 264 and 552.
24
Calculate the highest common divisor of 240 and 560.
80
Calculate the greatest common factor of 444 and 148.
148
What is the greatest common factor of 1416 and 2?
2
Calculate the highest common divisor of 264 and 72.
24
What is the highest common factor of 204 and 17034?
102
What is the greatest common divisor of 130 and 33410?
130
Calculate the greatest common divisor of 64 and 1488.
16
What is the greatest common divisor of 8 and 36?
4
Calculate the highest common factor of 483 and 21.
21
Calculate the greatest common divisor of 1539 and 18.
9
What is the highest common divisor of 32 and 1?
1
What is the highest common factor of 16 and 2488?
8
What is the greatest common factor of 87600 and 240?
240
Calculate the highest common factor of 68 and 6.
2
Calculate the highest common divisor of 413 and 19470.
59
What is the greatest common divisor of 1067 and 121?
11
Calculate the greatest common divisor of 42 and 294.
42
Calculate the greatest common divisor of 1073 and 74.
37
What is the greatest common factor of 1771 and 154?
77
Calculate the highest common divisor of 40 and 20.
20
Calculate the greatest common divisor of 6690 and 18.
6
What is the highest common factor of 16 and 21752?
8
Calculate the highest common factor of 4745 and 65.
65
Calculate the highest common divisor of 32 and 41824.
32
What is the greatest common factor of 43 and 4171?
43
What is the greatest common divisor of 1072 and 16?
16
Calculate the highest common divisor of 1829 and 708.
59
What is the highest common factor of 105 and 35?
35
What is the greatest common factor of 8 and 1024?
8
What is the greatest common divisor of 1176 and 21?
21
What is the highest common divisor of 8918 and 78?
26
What is the greatest common factor of 45 and 135?
45
Calculate the greatest common divisor of 24 and 984.
24
What is the highest common factor of 4 and 244?
4
Calculate the highest common divisor of 632 and 13588.
316
Calculate the greatest common factor of 99 and 1881.
99
Calculate the greatest common divisor of 304 and 228.
76
Calculate the highest common divisor of 15 and 111.
3
What is the highest common factor of 438 and 1022?
146
Calculate the greatest common divisor of 171 and 14706.
171
Calculate the highest common factor of 5 and 15.
5
What is the greatest common factor of 44 and 224?
4
Calculate the greatest common divisor of 10362 and 264.
66
What is the greatest common factor of 40 and 2770?
10
What is the highest common factor of 1584 and 64?
16
Calculate the greatest common divisor of 140 and 112.
28
What is the greatest common factor of 819 and 63?
63
Calculate the greatest common factor of 5917 and 97.
97
What is the greatest common factor of 574 and 238?
14
Calculate the highest common factor of 8340 and 139.
139
What is the greatest common factor of 198 and 99?
99
Calculate the highest common factor of 3 and 30312.
3
What is the greatest common divisor of 51 and 18819?
51
What is the highest common divisor of 171 and 567?
9
Calculate the highest common factor of 70 and 665.
35
Calculate the highest common factor of 91 and 42042.
91
What is the greatest common divisor of 876 and 8?
4
What is the greatest common factor of 13 and 1?
1
What is the greatest common factor of 93 and 5177?
31
Cal